 4. Give c(t).
-1
Let z = -13 + 18. Suppose 3*f - 2*f = 2*r + 2, 3*f = -4*r + 26. Let s(x) = 2*x - x - 14 + f. What is s(z)?
-3
Suppose 6*v - 3*v + 9 = 0. Let g(m) be the second derivative of m**4/12 + m**3/3 - m**2/2 - 9*m. What is g(v)?
2
Let a = -1 + -2. Let z(m) = 9*m - 11. Let l(y) = 5*y - 6. Let i(q) = -7*l(q) + 4*z(q). Give i(a).
-5
Let x = -2 + -1. Let s(n) = 6*n + 1. What is s(x)?
-17
Suppose -2*t + 23 = 19. Let v(z) = -2 - 3 + 4 + 3*z + 0. Determine v(t).
5
Let n(s) = s**3 - 6*s**2 + s + 6. Let z be n(6). Suppose -u - 2 = 5*a + 9, 4*a + z = 0. Let q(g) = -2*g + 3. Determine q(u).
-5
Let z(i) = 8*i. Let p(d) = 7*d**2 - 3*d - 3*d - 5*d - 6 - 5. Let f(u) = u**2 - u - 1. Let b(g) = -6*f(g) + p(g). Let n be b(6). What is z(n)?
8
Let h(a) = -a**2 - 4*a + 5. Let z(v) be the second derivative of -v**4/12 + 2*v**3/3 - 2*v**2 - v. Let x be z(4). Calculate h(x).
5
Let d(q) = q**2 - 7*q + 2. Let h be d(7). Let b(j) = 0*j**h - 4*j - 2 - j**2 + 3*j. Calculate b(-3).
-8
Let z(p) be the second derivative of 2*p + 1/2*p**2 + 1/3*p**3 + 0*p**4 + 1/10*p**5 + 0. What is z(-1)?
-3
Let f(x) = -4*x**2 + 2*x - 1. Let y(m) = -1. Let l(h) = -f(h) + 2*y(h). Let z(p) = p**2 - 4*p + 3. Let i be z(3). Let v = -1 - i. What is l(v)?
5
Let s(g) = -g**2 - 9*g - 4. Let p(v) = -2*v + 10. Let l be p(9). Give s(l).
4
Let c(h) = 5*h**2 - 1 + h + 4*h - 3*h - 13*h**2. Let p be 1*(4 - (-3)/(-1)). Give c(p).
-7
Let a(l) = -10*l**3 - 22*l**2 + 4*l + 7. Let j(v) = 7*v**3 + 15*v**2 - 3*v - 5. Let h(o) = 5*a(o) + 7*j(o). Let p be 26/(-6) + (-4)/6. Calculate h(p).
5
Let q(y) be the first derivative of -5/2*y**2 + 3 + 3*y. Give q(3).
-12
Let o(t) = 2*t - 7. Suppose -4*c = -23 - 5. Determine o(c).
7
Let v(z) be the second derivative of -z**7/140 + z**6/360 + z**5/120 - 5*z**3/6 - 5*z. Let i(a) be the second derivative of v(a). Determine i(-1).
6
Let o(m) be the third derivative of -m**6/120 + m**5/12 + m**4/4 + 4*m**3/3 + 8*m**2. Determine o(6).
8
Suppose -6*c + c = -80. Suppose 2*j = -2*y - y - 12, 4*y + c = -2*j. Suppose -2*t + 5*t + 12 = j. Let v(u) = u**3 + 4*u**2 - u. Calculate v(t).
4
Let f(d) = -d**2 + 6*d + 1. Let s be f(6). Let h be (-15)/(-4) - s/(-4). Let v(x) = -h*x + 3*x + 2 - 5. Give v(-4).
1
Let l(r) be the first derivative of -r**2/2 + 7*r + 4. Let x = 8 + -3. What is l(x)?
2
Suppose y + 4 = 6. Let z(f) = -2 + 2*f**y + 7*f - 3*f**2 + 8*f**2 + f**3. Calculate z(-6).
-8
Let n(x) = -4*x - 2. Let m be (-4)/(-7) + (-72)/28. Calculate n(m).
6
Let g(w) be the first derivative of -2*w**3 - 2 - 4*w + 0*w**2 - 1/4*w**4. Determine g(-6).
-4
Let r = -4 + 7. Let i(x) = x**2 - 4*x - 1. Let o be i(r). Let j(d) = -d**3 - 3*d**2 + 4*d - 2. What is j(o)?
-2
Let a(m) = m**3 + 4*m**2 - 4*m - 2. Let o(k) = -4*k**2 - 26*k + 10. Let t be o(-7). Give a(t).
14
Let j = -10 + 11. Let t(h) = -2*h**2 + 13*h + 9. Let q = -12 - -6. Let g(m) = m**2 - 7*m - 5. Let u(v) = q*t(v) - 11*g(v). Give u(j).
1
Suppose -3*t - 16 = g, 6 = 4*g - t - t. Let o(r) = -11*r - r - 4*r + 2*r. Give o(g).
14
Let g be ((0 - 3) + 4)*-1. Let p be (g/(-3))/(2/18). Let i(l) = -2 - 5 + p*l**2 + 2*l + 3*l**2 + l + l**3. What is i(-5)?
3
Let b = -13 + 7. Let f(z) be the second derivative of -z**5/20 - z**4/2 - z**3/3 - 9*z**2/2 - 7*z - 4. What is f(b)?
3
Let j = 0 + 0. Let a(x) = -x - 18. Let l(o) = -o - 19. Let w(v) = 5*a(v) - 4*l(v). Determine w(j).
-14
Suppose -5*v + 34 = q, 2*q = -0*q + 4*v - 2. Suppose -z + 2*o + 15 = 1, 5*o + q = -4*z. Let c(j) = 2*j - 5. Give c(z).
3
Let v be 0 - ((-2 - 1) + 3). Let d be (0 + 1 + -2)*v. Let t(u) = u**2 - u + 3. Determine t(d).
3
Let a(k) = -k**2 - k - 12. Let d(x) = -3*x**2 - 5. Let w(g) = -4*g**2 - g - 5. Let p(b) = -5*d(b) + 4*w(b). Let i be p(-5). Give a(i).
-12
Let l(d) = -8*d**3 + 2*d**2 + d. Suppose -t + 3*t - 34 = 0. Let n(f) = 23*f**3 - 6*f**2 - 3*f. Let z(o) = t*l(o) + 6*n(o). What is z(-1)?
-3
Let u(q) = -3*q**3 - 4*q**2 + 2. Let o(m) = 16*m**3 + 20*m**2 + m - 9. Let h(g) = 2*o(g) + 11*u(g). Let a = 7 - 11. Determine h(a).
-4
Let p(t) = -t**3 + 6*t**2 + 8*t - 9. Let i be p(7). Let u(z) = 2*z + 3. Give u(i).
-1
Let q(z) be the first derivative of 3*z**2 - 1/3*z**3 + 4 - 5*z. Let j be 3 + 1*1/1. Determine q(j).
3
Let d(j) = -7*j**2 + 2*j - 1. Let w be ((-2)/6)/((-3)/27). Let c = 2 + w. Suppose c*y = 2*k - 2, k - 1 = -0*k + 2*y. Calculate d(k).
-6
Let q(v) = 3*v - 2. Suppose 13 = -2*s + 5. Determine q(s).
-14
Let u(x) = x**2 + 2 + 0*x**2 - 3*x + 0*x**2 + 6*x. Give u(-2).
0
Suppose -2*k - 27 - 3 = 0. Let u = -8 - k. Let l = -5 + u. Let c(z) = z**3 - 5*z**2 + 4*z - 2. Give c(l).
-6
Let z(y) = 15*y**2 - y - 2. Let c(k) = 31*k**2 - 2*k - 5. Let q(w) = 2*c(w) - 5*z(w). Calculate q(1).
-12
Suppose 3*k = -4 + 7. Let p(v) = -v + k + 3*v + 0 + 0. Calculate p(5).
11
Let q(y) = y**3 + y**2 - 3. Let s be q(0). Let n(z) be the third derivative of z**4/24 + 2*z**3/3 - 11*z**2. What is n(s)?
1
Suppose 2*a - 12 = -2*a. Let m(s) = 3*s**3 + a*s**3 + 2*s - 7*s**3. Let t be (0 - -2) + (-2 - 2). Give m(t).
4
Let x(h) = -17 + 3 + h + 6 + 7. Calculate x(5).
4
Let o(b) = -b**3 + 4*b**2 + 8*b - 6. Suppose 0 = 5*a + 2*n - 35, 3*n - 7 = 8. Calculate o(a).
9
Let b(v) = v**2 + 192 - 2*v - 192. Give b(2).
0
Let o = -3 + 7. Let i(r) = 9*r + 3. Let c(d) = -3*d - 1. Let z(p) = o*i(p) + 11*c(p). Determine z(-2).
-5
Let k(w) = 4*w + 3 + 4*w**2 - 7*w**3 + 0 + 8*w**3. What is k(-2)?
3
Let q(t) = -t + 4. Let n be (-9)/((-36)/16) + -9. Give q(n).
9
Let i(c) = 0 + 5 - 4 - c - 3. Calculate i(5).
-7
Suppose 0 = 2*b + 2*b + 20. Let k(c) = -c**3 - 5*c**2 + c + 7. Calculate k(b).
2
Suppose s + 2*b - 5 + 15 = 0, -4*s = 3*b + 15. Let a be s/(4/2) - 2. Let f = a - -1. Let m(y) = 8*y**3 + y + 1. Give m(f).
-8
Let s(m) = m**3 - 4*m**2 + 4*m - 2. Let k be 16/(-24) + 22/6. Let o(z) = z - 1. Let g be o(k). Give s(g).
-2
Let v = -38 - -34. Let b(n) = n**3 + 3*n**2 - 2*n - 3. Give b(v).
-11
Let s(r) = -r**2 + 4*r + 3. Let l = -13 + 21. Let g be 30/l + (-1)/(-4). Suppose -9 + 29 = g*o. Determine s(o).
-2
Let c = -30 - -37. Let o(y) = y**3 - 8*y**2 + 7*y - 7. What is o(c)?
-7
Let u(l) be the second derivative of -l**5/20 - l**4/2 + l**2/2 - 2*l. Give u(-6).
1
Let y(t) = -t**2 - 2*t + 5. Let f(j) = -j - 1. Let c(m) = -6*f(m) - y(m). What is c(-7)?
-6
Let i = 6 + 0. Let f(q) = -q**3 - 4 - 4*q**3 + i*q**3 + q - 2*q**2 - q**2. Determine f(3).
-1
Let w(u) = -11*u**2 - 1. Let x(j) be the second derivative of j**3/6 + j**2/2 + 2*j. Let z be x(0). Give w(z).
-12
Let j(v) = -2*v**2 - 7*v - 5. Let h be (10/25)/(1/(-5)). Let l = h + -2. Give j(l).
-9
Let v be -4 + 9/(36/80). Suppose 4*c - 6 = -4*s - 26, -4*s = -2*c - v. Let p(u) = u + 6. Determine p(c).
0
Let l(t) = 2*t**3 - 4*t**2 + 2*t. Let r(a) = -a**2 - 7*a - 5. Let s be r(-6). Suppose -s = o - 3. Give l(o).
4
Let x(p) = -6*p**2 + p + 2. Let n(j) = j**3 - j**2 + j + 1. Let k(y) = n(y) - x(y). Give k(-2).
11
Suppose -d + 2 = 6. Let o(p) = 1 - p**2 - 10*p + 9*p + 0*p**2 + p**3. Let s(n) = -5*n**3 - n**2 - n - 7. Let r(w) = d*o(w) - s(w). Determine r(-4).
-1
Let k = 4 + -3. Let r(c) = -3 - 1 + k + 1 - c. Suppose o + 5*a - 17 = -0*o, -3*a + 9 = 0. Calculate r(o).
-4
Let k(m) = 3*m**2 - 7*m - 12. Let z(o) = -2*o**2 + 5*o + 8. Let v(r) = -5*k(r) - 7*z(r). Let t be 42/(-35)*(-20)/6. Calculate v(t).
-12
Let r(j) = 14*j - 11*j + 7*j. Suppose 0 = 3*o - 0*o - 3. Determine r(o).
10
Suppose j - 4*y = 1 + 2, -j + 2 = -5*y. Let r(o) = -o**2 - j*o + 3 - 1 - 10. Let c be -1 - 1 - (2 - -2). What is r(c)?
-2
Let i(m) be the first derivative of 5*m**3/3 - m**2/2 - 2*m + 2. What is i(2)?
16
Let l(f) be the third derivative of -f**6/120 - 7*f**5/60 - f**3 - f**2. Let g(v) = 2*v**2 - 28*v - 109. Let n be g(17). Determine l(n).
-6
Let t be (150/45)/(4/(-6)). Let o(g) be the first derivative of -g**2/2 + 3*g - 1. What is o(t)?
8
Let i(r) be the third derivative of 0 - 7/24*r**4 + 1/120*r**5 + 3*r**2 + 0*r - 1/3*r**3. Let g(w) be the first derivative of i(w). Determine g(5).
-2
Let t(m) = m - 27. Let n be t(28). Let x(q) = 3*q**3 + q**2 - 1. Calculate x(n).
3
Let j(l) = 27*l - 5. Let p(i) = 9*i - 2. Let d(u) = -4*j(u) + 11*p(u). Calculate d(-2).
16
Let m(x) = -122 - 3*x**3 + 118 - 4*x**2 + 4*x**3. What is m(5)?
21
Suppose 3 = b - 0*b - 3*y, 5*y + 5 = -3*b. Let q(d) be the second derivative of 3*d + b - 1/3*d**4 - 